*y + 43*y + 378. Let d(p) = 16*p**2 - 2*p - 6. Let t be d(6). What is the greatest common divisor of t and y?
18
Suppose 0 = -t - 8, 3*j - 1435*t + 1436*t - 397 = 0. Calculate the greatest common factor of j and 4770.
45
Suppose 538*r - 6 = -2*b + 543*r, -4*b - 5*r = -42. Suppose -15 = -3*h - 3. Suppose 0*k + h*k = 32. What is the greatest common factor of k and b?
8
Let u be (-1 + 15/(-6))/((-2)/4). Let l(o) = 2*o - 4*o + 2*o + u*o - 15. Let b be l(4). Calculate the greatest common divisor of 143 and b.
13
Let y be 2 + (-6 - (0 - (-4 + 6))). Let s be (6/(-9))/y*(10 + -7). What is the greatest common divisor of 19 and s?
1
Suppose -8*n = -5*n. Suppose -6 = -3*f - 0*f - l, n = -4*f - l + 8. Suppose -f*j + 3*j - 5*i = -6, 0 = -i + 3. Calculate the greatest common factor of j and 3.
3
Suppose -19*f + 0*f + 63315 = 2*f. Calculate the highest common factor of 27 and f.
9
Let v be 3/(-4) + 7410/152. Let u be 1 + (v - (-1 - 2)). What is the greatest common factor of u and 4?
4
Suppose 0*r + 490 = 5*j - 3*r, r + 385 = 4*j. Suppose -3*m = 37*m - 20280. Suppose 0 = 43*d - 1127 - m. Calculate the highest common divisor of j and d.
19
Suppose 10*k = 7*k + 45. Suppose -5*s = -2*i - 16 - k, 3*s + 3*i - 6 = 0. Calculate the highest common factor of s and 155.
5
Let p be (66/4)/3*2. Let d be (-52)/8*30/15. Let z be d/((-65)/(-15))*-1*33. What is the greatest common factor of p and z?
11
Suppose 5*q - 93 = -2*u, -7*u - q + 89 = -5*u. Calculate the highest common factor of 33 and u.
11
Let q(c) = -c**3 + 53*c**2 + 114*c - 38. Let g be q(55). Suppose t - f = 16, 78 = 5*t + 2*f - 6*f. Calculate the greatest common factor of g and t.
14
Let p(s) = -s. Let n(y) = -6*y + 3. Let f(t) = -n(t) - 5*p(t). Let j be f(2). Suppose 68*u = -2*u + 4779 + 541. What is the greatest common factor of u and j?
19
Let h be 4/10 + -21*(-20)/75. Suppose -9 = -2*d - d. Suppose 3*a - w - 24 = -a, a + d*w - 6 = 0. What is the greatest common divisor of h and a?
6
Let t be 172*(-32)/(-4) + (-50 - -51). What is the greatest common divisor of 102 and t?
51
Suppose 2*x - 83 = 2*w + 1181, -4*x + 2*w = -2526. Let o = -529 + x. Calculate the greatest common divisor of o and 170.
34
Suppose -4*y + 318 - 102 = 0. Let d be 18 + -13 + (2 - -20). Calculate the highest common divisor of d and y.
27
Let f(z) = 1901*z - 7947. Let n be f(7). What is the greatest common divisor of 120 and n?
40
Suppose 3*f - 2*y = 18746, 5*f - 48860 = 3*y - 17616. Calculate the greatest common divisor of 50 and f.
50
Let s(n) = 297*n**2 - 22*n + 9. Let r be s(-3). Calculate the greatest common divisor of r and 24.
12
Let r(v) = -4*v**2 + 29*v - 7. Let t be r(7). Suppose t = -3*l - 11 - 4, -3 = -3*d - 3*l. Calculate the highest common divisor of d and 186.
6
Let a be 35*(-62)/(-1) + 16 + -14. Calculate the highest common divisor of a and 6.
6
Let o = 6700 + -5426. What is the highest common divisor of o and 130?
26
Let c(p) = -p**2 - 5*p - 62. Let g be c(-20). Let v = g + 437. Calculate the highest common factor of 6 and v.
3
Let j = -7080 - -7144. What is the greatest common divisor of 8 and j?
8
Let f be 1 + 10 - (-16 - -29 - 4). What is the greatest common divisor of 9194 and f?
2
Let t(k) = 48*k**3 + k**2 - 16*k + 14. Let b be t(1). What is the highest common divisor of b and 1833?
47
Let u = 329 - 284. Suppose -25*t - u = -445. Calculate the highest common factor of 64 and t.
16
Let c(p) = -p**2 + 8*p - 5. Let k be c(7). Suppose 4 = k*x - 4*x. Let a be 952/32 + x/(-8). What is the highest common divisor of a and 15?
15
Suppose 32*a = 21*a + 22. Suppose y = -2*f + f + 32, -a*f = 5*y - 79. What is the greatest common divisor of f and 6?
3
Suppose -65*m + 626 = -55924. Calculate the greatest common divisor of 210 and m.
30
Let n = 317 + -319. Let d be (1309/14)/17*(-28)/n. Calculate the greatest common divisor of d and 33.
11
Let a = 152 + -96. Suppose 0 = -3*c + a + 40. Calculate the greatest common divisor of 16 and c.
16
Let z be ((-16)/10 + 1)/(-7 + 3058/440). What is the greatest common factor of z and 1266?
6
Let r(d) = -3*d - 7. Let w be r(-6). Let f = -5 + w. Let p be -2*4 - (1672/(-152) + -5*1). Calculate the highest common factor of f and p.
2
Let w be -6*((-24)/45 + 2/(-15)). Suppose -12*y = -w*i - 8*y + 680, 5*i - 2*y - 835 = 0. Calculate the greatest common factor of 33 and i.
33
Let g(b) = 20*b - 536. Let a be g(27). Calculate the highest common divisor of a and 52.
4
Suppose -10*z - 737 = -2967. Let n = 225 - z. Calculate the greatest common factor of n and 6.
2
Let f = -17468 + 17513. What is the highest common factor of f and 9930?
15
Suppose 6*i = 18, 20*y - 3*i = 24*y - 10369. What is the greatest common factor of 700 and y?
70
Let k = 4470 + -2090. Calculate the greatest common factor of 14 and k.
14
Suppose -x + 25 = 2*t - 18, -3*t = -3*x + 111. What is the highest common divisor of 3497 and x?
13
Let u = 352 + -323. Suppose 0 = -26*w + u*w - 108. Calculate the greatest common factor of w and 342.
18
Suppose 101*o = -12*o + 83642 - 361. What is the highest common divisor of o and 11?
11
Let h(q) = 2*q**2 - 43*q + 336. Let w be h(7). Calculate the greatest common factor of w and 399.
133
Let b(c) = -4*c - 61. Let j be b(-15). Let s be j/((5/(-180))/((-18)/(-12))). Calculate the highest common divisor of 12 and s.
6
Let f = 11 - 7. Suppose 0 = -c - f*c + 110. Let k be 106 - ((-46)/10 + 0 + (-9)/(-15)). Calculate the highest common divisor of k and c.
22
Suppose -m = -62 - 2794. Suppose -m = -20*l - 356. What is the highest common factor of 10 and l?
5
Let g(i) = -17*i - 287. Let t be g(-19). Calculate the highest common factor of t and 29304.
36
Let s(z) = -2*z - 23. Let f be s(-14). Suppose j - 4*j + f*r = -433, -4*r - 700 = -5*j. Calculate the highest common divisor of 17 and j.
17
Suppose 975 = 13*d - 1144. Suppose 8*v - 5*v - 99 = -2*s, 5*v - d = -4*s. What is the highest common divisor of v and 55?
5
Let r(n) = 2*n**3 - 28*n**2 + 93*n - 22. Let d be r(9). Let z be 4/(-18) + (-4)/(-18). Suppose z*o = -4*o + 140. Calculate the highest common factor of d and o.
5
Suppose -3*g + 5*u = -2557, -899 = -35*g + 34*g - 5*u. Calculate the highest common divisor of 192 and g.
96
Suppose 3*i - 2*o - 185 = 0, -4*o + 6 = -14. What is the highest common divisor of i and 1157?
13
Let l = -45 + 48. Suppose -l*g = b + 2*b - 24, -5*b - 4*g = -36. Let n be (-11)/(-22) - (-54)/b. Calculate the greatest common factor of n and 21.
7
Suppose 0 = 40*t + 39*t - 77*t - 234. Calculate the greatest common factor of t and 143.
13
Let d = -8495 - -10365. What is the greatest common divisor of d and 990?
110
Let q(n) = 6*n + 85. Let a be q(-13). Let r(u) = 5*u**3 - 10*u**2 + 3*u - 30. Let s be r(a). What is the greatest common divisor of s and 19?
19
Suppose 0 = -0*m - 16*m + 48. Suppose 0 = -4*c + 19 + 1. Suppose 3*h - c*k - 133 = 0, 0 = -2*h + 4*h - 5*k - 82. What is the greatest common divisor of h and m?
3
Let b(d) be the third derivative of -d**5/5 + 17*d**4/24 - d**3/6 - 281*d**2. Let u be b(1). What is the highest common factor of u and 35?
1
Suppose -2*w + 2*y + 950 = 0, -12*y = -7*y + 25. Calculate the highest common factor of w and 290.
10
Suppose -823*x + 1134*x = 40430. Suppose 0 = 4*z + 76 + 12. Let w = z + 48. What is the highest common factor of w and x?
26
Suppose 17*k - 18*k - 4*o + 188 = 0, 3*k + o - 542 = 0. Calculate the greatest common factor of k and 2430.
90
Suppose n + 5*n - 9396 = -6*n. Calculate the highest common divisor of 81 and n.
27
Suppose -17*k + 110 = -10*k + 48*k. What is the greatest common divisor of 127 and k?
1
Let c(x) = 98*x - 2. Let r be c(1). Let m(k) = -3*k**3 - 12*k**2 + 25*k + 140. Let g be m(-4). Calculate the greatest common factor of g and r.
8
Let n be (456/95)/24 - (-2658)/10. Calculate the highest common factor of 14 and n.
14
Suppose 2230 = 5*u + 2*d, -4*u + u - 2*d + 1338 = 0. Suppose u - 152 = 6*n. Let r = 11 + n. What is the greatest common factor of 6 and r?
6
Let i(l) = -l**3 + 21*l**2 + 41*l - 69. Let s be i(21). Calculate the greatest common divisor of 150 and s.
6
Let x be (-25)/5 - (-5 - 375)/1. Calculate the greatest common factor of 30 and x.
15
Suppose -156379 + 50644 = -53*h. What is the greatest common divisor of h and 30?
15
Suppose -2136 + 1442 = -22*p + 3